*4/24 + o**3/2 + 4*o**2. List the prime factors of v(1).
2, 59
Let m(b) = -4 + 3 + 25*b + 4. What are the prime factors of m(3)?
2, 3, 13
Let w(f) = f + 17. Let x be w(-11). Let l(p) = 2*p - 8. Let h be l(x). Suppose h*u - 102 - 2 = 0. List the prime factors of u.
2, 13
Let b(h) = -2*h**3 - 24*h**2 + 59. What are the prime factors of b(-16)?
7, 43
What are the prime factors of (-4)/6 + 98640/216?
2, 3, 19
Suppose -908 = -8*y + 1692. Suppose -11*v + y = -6*v. List the prime factors of v.
5, 13
Let y(o) = 2*o**3 + 7*o**2 - 6*o - 7. Let z be y(-4). What are the prime factors of (-1 - -1 - z)*-97?
97
Let m(l) = -220*l - 11 + 215*l - 7. Let c be m(-6). Suppose 3*b = c, -v + 2*v = 5*b + 31. List the prime factors of v.
3, 17
Let q(j) be the first derivative of -j**4/4 + 5*j**3 - 13*j**2 + 6*j - 1. List the prime factors of q(11).
2, 3, 17
Let j(s) = -s**3 - 3*s**2 + 2*s - 5. Let c be j(-4). Let a = 5 - c. Suppose -17 - 11 = -a*g. What are the prime factors of g?
2, 7
List the prime factors of (-6*4/30)/(2/(-1390)).
2, 139
Let z(o) = -o**3 + 5*o**2 + 7*o + 2. Let r be z(-3). Let n = -4 + r. What are the prime factors of n?
7
Let a(w) = 2*w**3 + w**2 - 20*w + 14. What are the prime factors of a(6)?
2, 181
Suppose -1926 + 6736 = 13*h. Let l = -248 + h. What are the prime factors of l?
2, 61
Let i = 12 - 10. Suppose 4*f = i*f + 92. Suppose -2*u + 6 = -f. List the prime factors of u.
2, 13
Let v(w) be the first derivative of -w**4/4 - 6*w**3 - 12*w**2 - 8*w - 15. List the prime factors of v(-17).
3, 37
List the prime factors of (23 + -2)*(407/(-3))/(-11).
7, 37
Let s be 556/(-8)*-3*(-8)/(-6). Suppose 2*k - s = -3*l, -3*l - 110 - 47 = -k. List the prime factors of k.
5, 29
Suppose 17*o - 11460 = -13*o. List the prime factors of o.
2, 191
Let n(a) = a. Let i(u) = u**2 - 21*u - 5. Let p(m) = -i(m) + 5*n(m). List the prime factors of p(17).
2, 79
Let w be (7 + -4)*((-1)/(-3) + -1). What are the prime factors of 67/w*18/45*-5?
67
Let p(n) = -9*n**3 + 3*n**2 + n - 2. Let h = -30 + 28. List the prime factors of p(h).
2, 5
Suppose -10 = -4*p + 3*u - 5*u, -3*p + 10 = 2*u. Suppose 25 = 3*o + 2*b, 0 = -p*o - 3*o + 5*b - 10. Suppose o*i = -0*i + 165. What are the prime factors of i?
3, 11
Suppose 1196 = 3*j + 674. List the prime factors of j.
2, 3, 29
Suppose 0 = 6*z - 8*z + 552. List the prime factors of z.
2, 3, 23
Let n(z) = z**3 - 21*z**2 - 27*z - 26. Let m be n(22). Let y = -85 - m. What are the prime factors of y?
3, 17
Let z(r) = 7. Let g(s) = -s**3 - 8*s**2 - 10*s + 6. Let m be g(-6). Let j(i) = i + 8. Let l(v) = m*j(v) + 7*z(v). What are the prime factors of l(-4)?
5
Suppose 86 = -5*f - 414. List the prime factors of 8/f*-5*170.
2, 17
Let k be -3 - -6 - (1 - -62). Let j = k - -90. Suppose -9*q = -12*q + j. List the prime factors of q.
2, 5
Let l be 2/9 + (-140)/(-18). Suppose 8*r - l = 6*r. List the prime factors of r.
2
Let f = 884 + -240. What are the prime factors of f?
2, 7, 23
Suppose 9*s = 14*s + 1560. Let t = -24 - s. List the prime factors of t.
2, 3
Suppose 0 = 3*b - 2*s - 909, 0 = -b - 3*s + 171 + 143. What are the prime factors of b?
5, 61
Let w(v) = 9*v - 31. Let d be w(13). Suppose -m = b - 97 + 9, m + d = b. What are the prime factors of b?
3, 29
Suppose 2*i = -3*p + 135 + 31, -i - 236 = -4*p. Suppose -h + p = h. List the prime factors of h.
29
Suppose 23 = -3*v - 2*v + z, v + 1 = -z. Let d = v + 9. Suppose -d*y = -11 - 34. What are the prime factors of y?
3
Suppose 60*k - 57*k - 4869 = 0. What are the prime factors of k?
3, 541
Let n = -96 - -134. Suppose r + 5*w - 2 = -18, 5*w + 10 = 0. Let z = n + r. What are the prime factors of z?
2
Suppose 8*s + 4 = 10*s. Suppose -2*c - 106 = -s*i, 102 = i + i - 4*c. What are the prime factors of i?
5, 11
Let g = -128 - -131. Suppose -g*u - 232 = -q, 98 - 562 = -2*q + 4*u. List the prime factors of q.
2, 29
Let t = -1 - -3. Suppose 0 = t*d - 11 - 7. Let k = d - 5. What are the prime factors of k?
2
Let r be 38/6 + (-3)/9. Suppose -7*f = -r*f. Suppose 3*t - 7*t + 76 = f. List the prime factors of t.
19
Suppose 1170 = 5*n - 410. List the prime factors of n.
2, 79
Suppose -51978 = 40*x - 150698. List the prime factors of x.
2, 617
Let z = -50 - -85. Let t be ((-32)/(-10))/(6/15). Let a = z + t. List the prime factors of a.
43
Let r = 7 - 4. Suppose r*p + 5*s = -21, s = -2*p - 0*s - 14. What are the prime factors of p/(-2)*(-2)/(-1)?
7
Suppose -4*d - 9280 = -4*k, 5*k + d - 3848 = 7752. List the prime factors of k.
2, 5, 29
Let s(k) = -2*k**2 + 44*k - 48. Let n be s(21). List the prime factors of 6*(-4)/n - -47.
3, 17
Let c(t) = 61*t**2 + 21*t + 7*t - 46*t**2 - t**3 + 21. What are the prime factors of c(16)?
3, 71
Let d(h) = -h**3 + h**2 + h + 116. Let g be d(0). Suppose l + g = 3*l. List the prime factors of l.
2, 29
Suppose 85*b - 87*b = -1896. List the prime factors of b.
2, 3, 79
Suppose l + 310 = 536. List the prime factors of l.
2, 113
Let k(o) = -28*o + 355. List the prime factors of k(-57).
1951
Let t(r) = 2*r - 3. Let s be t(-1). Let z(g) = -10*g - 14. What are the prime factors of z(s)?
2, 3
Let s be (1 - 9/5)/(78/(-195)). Let i be (24/10)/((-4)/(-10)). Suppose s*k - 61 = -3*c, -i*k + k - 5*c = -150. List the prime factors of k.
29
Let z = 64 - 68. List the prime factors of 3/(-2)*z/6*41.
41
Let k = -138 - -236. Suppose -4*a = -11*a + k. Let p = a - -17. List the prime factors of p.
31
Let m = -7 + 31. Suppose n = 12 + m. Suppose -4*u + 24 = -n. List the prime factors of u.
3, 5
Suppose -3*y + 1752 = -3*l, 3*y + 3*l + 491 = 2255. What are the prime factors of y?
2, 293
Let c(u) = -26*u**3 - u**2 - u. Let j be c(-2). Let s = j + -114. What are the prime factors of s?
2, 23
Suppose 5*b = 7*x - 11*x + 2383, 3*b + x = 1434. What are the prime factors of b?
479
Let q(l) = -l**3 + 40*l**2 - 88*l + 97. List the prime factors of q(36).
2113
Let t(d) = -3*d**2 + 19*d - 4. Let p be t(4). Let o(n) = -n**3 + 2*n - 1. Let r be o(-2). Suppose r*q - 7*q = -p. List the prime factors of q.
2, 3
Let d be ((-1)/3)/((-6)/54). Suppose c = s + 15, s - d*s - 62 = -4*c. List the prime factors of c.
2
Suppose 5*v - 34 = 2*m, 5*m = -v - 3 - 1. Suppose v*t - 165 = 3*t. List the prime factors of t.
5, 11
Let s be (-176 + 4 - 4)*-2. Suppose 455 = 5*k - 2*a, -7*a = -4*k - 3*a + s. What are the prime factors of k?
3, 31
Let q(y) = 2*y**3 + 2*y**2 - 3. Let t be q(3). Let d = -47 + t. List the prime factors of d.
2, 11
Let x(l) = -7*l + 4. Let w = -14 - -16. Suppose 2*v + 18 = -w*t, -16 = 3*t + t. What are the prime factors of x(v)?
3, 13
Let z = 0 - -3. Let k(n) = z*n**3 - n**3 - 2 - 10*n**2 - n**3 + 10*n. What are the prime factors of k(9)?
7
Suppose 5*j = 10 + 30. Let x be 252/j*4/(-3). What are the prime factors of (2 - x/(-15))*-5?
2
Let z be (-4)/((-4)/3 - -2). Let a(y) = -y**3 - 7*y - 3. Let k be a(z). Suppose -5*s + k = 4*t - t, 0 = s + 4*t - 34. List the prime factors of s.
2, 3
Suppose -2*c + 3820 + 520 = 0. List the prime factors of c.
2, 5, 7, 31
Let s = -77 - -93. List the prime factors of s.
2
Suppose 0 = 4*d + 4*k - 36, 30 = 5*d - 4*k - 51. Suppose 16*r = d*r - 162. Let x = -33 - r. List the prime factors of x.
3, 7
Let d(u) = 15*u - 265. What are the prime factors of d(19)?
2, 5
Let h = -68 - -73. List the prime factors of ((-7672)/70)/((-2)/h).
2, 137
Suppose -100 - 32 = -2*o. Let h = -108 + 74. Let r = h + o. What are the prime factors of r?
2
Suppose 579*x - 564*x - 16785 = 0. What are the prime factors of x?
3, 373
Let q(w) = -8*w. Let c be q(-7). Suppose -c = -k + 40. What are the prime factors of k?
2, 3
List the prime factors of 121/(2/((-7)/(35/(-110)))).
11
Suppose 157923 = 8*p + 19*p. List the prime factors of p.
5849
Let h(y) = 3*y**2 + 6*y + 15. What are the prime factors of h(-11)?
2, 3, 13
Suppose 6*n = 12*n - 1236. List the prime factors of n.
2, 103
What are the prime factors of 2534/3 + (-13 + 4)/(-27)?
5, 13
Suppose 2224 + 2051 = n. List the prime factors of n.
3, 5, 19
Let s be 2/(360/(-183) - -2). Suppose 481 = 2*n - s. What are the prime factors of n?
271
Suppose 3*l = 7 + 11. Let b(m) be the second derivative of -m**4/12 + 2*m**3 + m**2 - 70*m. What are the prime factors of b(l)?
2, 19
Suppose 5*s + g - 29380 = 0, s = -21*g + 20*g + 5880. What are the prime factors of s?
5, 47
Suppose -161